when 174944 is divided by 29153.
26
What is the remainder when 205686 is divided by 49?
33
What is the remainder when 140351 is divided by 8?
7
What is the remainder when 2753 is divided by 1375?
3
What is the remainder when 2628 is divided by 1023?
582
What is the remainder when 6782 is divided by 276?
158
What is the remainder when 2016818 is divided by 260?
258
What is the remainder when 16053408 is divided by 109?
106
Calculate the remainder when 59939 is divided by 29968.
3
Calculate the remainder when 46347 is divided by 1053.
15
What is the remainder when 6435 is divided by 140?
135
Calculate the remainder when 28081 is divided by 430.
131
Calculate the remainder when 5060 is divided by 981.
155
Calculate the remainder when 15759 is divided by 2241.
72
What is the remainder when 667869 is divided by 2303?
2302
What is the remainder when 10252 is divided by 82?
2
What is the remainder when 2775 is divided by 93?
78
Calculate the remainder when 3256 is divided by 541.
10
What is the remainder when 21648 is divided by 5395?
68
What is the remainder when 22055 is divided by 4390?
105
Calculate the remainder when 206937 is divided by 285.
27
What is the remainder when 41838 is divided by 98?
90
What is the remainder when 6484 is divided by 33?
16
Calculate the remainder when 31735 is divided by 213.
211
What is the remainder when 2189548 is divided by 7?
4
Calculate the remainder when 2969 is divided by 1424.
121
What is the remainder when 893 is divided by 137?
71
What is the remainder when 57552 is divided by 159?
153
What is the remainder when 4924 is divided by 2133?
658
What is the remainder when 16210 is divided by 4046?
26
What is the remainder when 127301 is divided by 16?
5
What is the remainder when 4434 is divided by 369?
6
What is the remainder when 867287 is divided by 92?
3
Calculate the remainder when 42963 is divided by 341.
338
Calculate the remainder when 57020 is divided by 2849.
40
Calculate the remainder when 89963 is divided by 41.
9
Calculate the remainder when 5402 is divided by 21.
5
What is the remainder when 210 is divided by 50?
10
Calculate the remainder when 67878 is divided by 9693.
27
What is the remainder when 1572 is divided by 696?
180
What is the remainder when 79728 is divided by 12?
0
Calculate the remainder when 549466 is divided by 27.
16
What is the remainder when 26418 is divided by 755?
748
What is the remainder when 605813 is divided by 201?
200
What is the remainder when 13108 is divided by 32?
20
Calculate the remainder when 4422 is divided by 664.
438
Calculate the remainder when 11816 is divided by 1445.
256
What is the remainder when 1408 is divided by 30?
28
What is the remainder when 15317 is divided by 3062?
7
What is the remainder when 188594 is divided by 495?
494
Calculate the remainder when 109547 is divided by 437.
297
Calculate the remainder when 15110 is divided by 841.
813
What is the remainder when 763 is divided by 17?
15
Calculate the remainder when 2530 is divided by 33.
22
What is the remainder when 178243 is divided by 233?
231
Calculate the remainder when 11654 is divided by 188.
186
What is the remainder when 38772 is divided by 15?
12
Calculate the remainder when 59936 is divided by 1532.
188
What is the remainder when 352452 is divided by 1320?
12
What is the remainder when 46871 is divided by 195?
71
Calculate the remainder when 32717 is divided by 20.
17
What is the remainder when 162792 is divided by 154?
14
Calculate the remainder when 1065769 is divided by 27.
25
Calculate the remainder when 222797 is divided by 1569.
1568
Calculate the remainder when 2051 is divided by 27.
26
Calculate the remainder when 194257 is divided by 155.
42
What is the remainder when 1204 is divided by 85?
14
Calculate the remainder when 5419 is divided by 58.
25
Calculate the remainder when 113636 is divided by 56799.
38
Calculate the remainder when 6080 is divided by 801.
473
What is the remainder when 126651 is divided by 1111?
1108
What is the remainder when 33209 is divided by 5534?
5
What is the remainder when 49522 is divided by 4?
2
What is the remainder when 152619 is divided by 26?
25
Calculate the remainder when 937 is divided by 704.
233
Calculate the remainder when 1323 is divided by 403.
114
Calculate the remainder when 74214 is divided by 245.
224
What is the remainder when 3856 is divided by 118?
80
Calculate the remainder when 16907 is divided by 227.
109
What is the remainder when 4991 is divided by 218?
195
What is the remainder when 121082 is divided by 15131?
34
Calculate the remainder when 133418 is divided by 967.
939
Calculate the remainder when 6560 is divided by 213.
170
Calculate the remainder when 75333 is divided by 31.
3
What is the remainder when 2065 is divided by 237?
169
Calculate the remainder when 1313409 is divided by 20.
9
What is the remainder when 172477 is divided by 428?
421
What is the remainder when 16590 is divided by 1838?
48
What is the remainder when 32328 is divided by 61?
59
What is the remainder when 119891 is divided by 190?
1
What is the remainder when 25386 is divided by 3615?
81
Calculate the remainder when 263888 is divided by 10.
8
Calculate the remainder when 4088 is divided by 132.
128
What is the remainder when 82803 is divided by 10?
3
Calculate the remainder when 226473 is divided by 1039.
1010
Calculate the remainder when 7860 is divided by 3923.
14
Calculate the remainder when 35289 is divided by 519.
516
What is the remainder when 14161 is divided by 154?
147
Calculate the remainder when 1138 is divided by 285.
283
Calculate the remainder when 154685 is divided by 319.
289
Calculate the remainder when 126033 is divided by 277.
275
What is the remainder when 211156 is divided by 69?
16
What is the remainder when 47081 is divided by 383?
355
Calculate the remainder when 1049 is divided by 181.
144
Calculate the remainder when 2761 is divided by 45.
16
What is the remainder when 89853 is divided by 5989?
18
Calculate the remainder when 5033 is divided by 1255.
13
What is the remainder when 8920 is divided by 248?
240
Calculate the remainder when 22671 is divided by 237.
156
What is the remainder when 25760 is divided by 1294?
1174
What is the remainder when 51496 is divided by 39?
16
What is the remainder when 363561 is divided by 17?
16
What is the remainder when 265405 is divided by 232?
229
Calculate the remainder when 3728 is divided by 844.
352
What is the remainder when 364311 is divided by 6?
3
What is the remainder when 55528 is divided by 10?
8
Calculate the remainder when 73 is divided by 10.
3
What is the remainder when 8662 is divided by 24?
22
Calculate the remainder when 192389 is divided by 4.
1
What is the remainder when 122765 is divided by 30690?
5
What is the remainder when 17612 is divided by 1255?
42
Calculate the remainder when 10107 is divided by 255.
162
What is the remainder when 4950 is divided by 146?
132
Calculate the remainder when 21813 is divided by 99.
33
Calculate the remainder when 344 is divided by 251.
93
Calculate the remainder when 2227 is divided by 28.
15
Calculate the remainder when 822491 is divided by 396.
395
What is the remainder when 1936 is divided by 1670?
266
Calculate the remainder when 20997 is divided by 15.
12
What is the remainder when 4052 is divided by 1771?
510
Calculate the remainder when 1131 is divided by 19.
10
What is the remainder when 290583 is divided by 254?
7
What is the remainder when 83890 is divided by 1379?
1150
Calculate the remainder when 9530 is divided by 533.
469
What is the remainder when 22472 is divided by 22422?
50
What is the remainder when 9590 is divided by 72?
14
What is the remainder when 1156130 is divided by 171?
170
Calculate the remainder when 832418 is divided by 165.
158
What is the remainder when 2106439 is divided by 28?
27
What is the remainder when 12084 is divided by 128?
52
What is the remainder when 3125 is divided by 386?
37
Calculate the remainder when 43163 is divided by 285.
128
What is the remainder when 65460 is divided by 26?
18
Calculate the remainder when 449315 is divided by 45.
35
Calculate the remainder when 5043 is divided by 3.
0
Calculate the remainder when 55955 is divided by 335.
10
Calculate the remainder when 1